{"id":412,"date":"2026-04-02T16:24:56","date_gmt":"2026-04-02T14:24:56","guid":{"rendered":"https:\/\/www.isw-sites.de\/greenretrotwin\/?page_id=412"},"modified":"2026-04-15T13:33:47","modified_gmt":"2026-04-15T11:33:47","slug":"vision","status":"publish","type":"page","link":"https:\/\/www.isw-sites.de\/greenretrotwin\/vision\/","title":{"rendered":"Vision"},"content":{"rendered":"<div class=\"wpb-content-wrapper\"><p>[vc_row][vc_column width=&#8220;1\/4&#8243;][\/vc_column][vc_column width=&#8220;1\/2&#8243;][vc_column_text css_animation=&#8220;fadeIn&#8220; css=&#8220;&#8220;]<\/p>\n<h1 style=\"text-align: center;\"><span style=\"box-shadow: 0 3px 0 0 #026843; padding-bottom: 4px;\" data-darkreader-inline-boxshadow=\"\"><br \/>\nGreenRetroTwin<br \/>\n<\/span><\/h1>\n<h2 style=\"text-align: center;\">Digitalisierung von Bestandsmaschinen in RetroFit-<br \/>\nAnlagen zur F\u00f6rderung der industriellen<br \/>\nKreislaufwirtschaft<\/h2>\n<p>In Deutschland sind rund 80 Prozent der industriellen Produktionsanlagen sogenannte Brownfield-Anlagen, bei denen die Konstruktions- und Betriebsdaten unvollst\u00e4ndig, heterogen oder in propriet\u00e4ren Formaten vorliegen. Eine Integration dieser Anlagen in moderne, digital vernetzte Produktionsumgebungen ist damit mit erheblichem Aufwand verbunden, und die Frage, ob eine Anlage erfolgreich wiederverwendet werden kann, l\u00e4sst sich kaum zuverl\u00e4ssig beantworten.<\/p>\n<p>Das Projekt setzt auf drei Kerntechnologien: semantische Datenharmonisierung, standardisierte Informationsmodelle wie die Asset Administration Shell (AAS) und den Digital Product Passport (DPP) sowie KI-gest\u00fctzte Modellanpassung. Diese Kombination bildet die Grundlage f\u00fcr eine skalierbare L\u00f6sung, die simulationsf\u00e4hige Modelle automatisiert aus heterogenen Altdaten generiert. Die erzeugten Modelle dienen anschlie\u00dfend als Grundlage f\u00fcr den Digitalen Zwilling.<\/p>\n<p>Die erzeugten digitalen Modelle erm\u00f6glichen es, die Wiederverwendbarkeit einer Bestandsmaschine zu bewerten und sie in neue, verkettete Produktionslinien zu integrieren. Die Wiederverwendung gegen\u00fcber einer Neuanschaffung spart typischerweise 60 % Energie und 80 % Material ein und kann die CO\u2082-Emissionen um bis zu 80 % senken. GreenRetroTwin schafft damit die Grundlage f\u00fcr eine industrielle Kreislaufwirtschaft im Maschinen- und Anlagenbau[\/vc_column_text][\/vc_column][vc_column width=&#8220;1\/4&#8243;][vc_row_inner][\/vc_row_inner][vc_row_inner][\/vc_row_inner][\/vc_column][\/vc_row][vc_row][vc_column width=&#8220;1\/4&#8243;][\/vc_column][vc_column width=&#8220;1\/2&#8243;][vc_column_text css_animation=&#8220;fadeIn&#8220; css=&#8220;&#8220;]<\/p>\n<h1 style=\"text-align: center;\"><span style=\"box-shadow: 0 3px 0 0 #026843; padding-bottom: 4px;\" data-darkreader-inline-boxshadow=\"\"><br \/>\nProblemstellung<br \/>\n<\/span><\/h1>\n<p>Bisherige Verfahren der virtuellen Inbetriebnahme (VIBN) setzen vollst\u00e4ndige Engineering-Daten voraus und werden prim\u00e4r f\u00fcr Greenfield-Anlagen entwickelt. Brownfield-Anlagen hingegen erf\u00fcllen diese Voraussetzung nicht, denn ihre Dokumentation ist \u00fcber Jahrzehnte gewachsen, unternehmensspezifisch und h\u00e4ufig in propriet\u00e4ren Formaten abgelegt. Dadurch entsteht eine L\u00fccke zwischen ressourceneffizientem Re-Use-Potenzial und digitalem Engineering.<\/p>\n<p>Zwar bieten spezialisierte Dienstleister manuelle Retrofit-Modellierungen an, doch diese L\u00f6sungen sind weder standardisierbar noch skalierbar und binden erhebliche personelle Ressourcen mit spezifischem Expertenwissen. Erschwerend kommt hinzu, dass Simulationsmodelle, die f\u00fcr\u00a0Greenfield-Anlagen erstellt werden, nach der Inbetriebnahme typischerweise nicht weiter gepflegt werden. Umbauten, Verschlei\u00df und \u00c4nderungen an Steuerungsprogrammen f\u00fchren dazu, dass das Modell zunehmend von der Realit\u00e4t abweicht und f\u00fcr sp\u00e4tere Wiederverwendungsszenarien unbrauchbar wird.<\/p>\n<p>Es fehlt damit eine automatisierte Prozesskette, die heterogene Altdaten semantisch harmonisiert, in standardisierte Informationsmodelle \u00fcberf\u00fchrt und daraus Simulationsmodelle generiert. Diese Prozesskette erm\u00f6glicht eine skalierbare Wieder- und Weiterverwendung von Bestandsmaschinen, dass das \u00f6kologische sowie wirtschaftliche Potenzial der industriellen Kreislaufwirtschaft aussch\u00f6pft.[\/vc_column_text][\/vc_column][vc_column width=&#8220;1\/4&#8243;][\/vc_column][\/vc_row][vc_row][vc_column width=&#8220;1\/4&#8243;][vc_row_inner][vc_column_inner][\/vc_column_inner][\/vc_row_inner][\/vc_column][vc_column width=&#8220;1\/2&#8243;][vc_column_text css_animation=&#8220;fadeIn&#8220; css=&#8220;&#8220;]<\/p>\n<h1 style=\"text-align: center;\"><span style=\"box-shadow: 0 3px 0 0 #026843; padding-bottom: 4px;\" data-darkreader-inline-boxshadow=\"\"><br \/>\nL\u00f6sungsansatz<br \/>\n<\/span><\/h1>\n<p style=\"text-align: left;\">Ausgangspunkt ist die Aufbereitung von Altdaten aus Mechanik, Elektrik und Steuerungstechnik. Diese Daten liegen typischerweise in inkonsistenten Strukturen, mit uneinheitlicher Semantik und in propriet\u00e4ren Formaten vor. Mittels semantischer Datenintegration, Ontologien und \u00dcbersetzungstabellen werden diese Daten aufbereitet, um eine einheitliche Modellgrundlage zu schaffen.<\/p>\n<p style=\"text-align: left;\">Auf dieser harmonisierten Datenbasis werden die Anlagendaten in standardisierte Informationsmodelle \u00fcberf\u00fchrt. Den Kern bildet dabei die Asset Administration Shell (AAS). Der Digitale Produktpass (DPP) baut auf der AAS auf, um Transparenz im Sinne der Kreislaufwirtschaft zu schaffen. Aus den AAS- und DPP-konformen Informationsmodellen werden automatisiert simulationsf\u00e4hige Modelle generiert. Diese werden \u00fcber den TwinStore der Simulationsplattform ISG-virtuos zug\u00e4nglich gemacht und k\u00f6nnen so fr\u00fchzeitig im Engineering neuer Anlagen eingebunden werden.<\/p>\n<p style=\"text-align: left;\">Auf Basis der aktualisierten Simulationsmodelle erm\u00f6glicht eine Bewertungsmethodik eine fundierte Entscheidungsgrundlage zur Frage, ob und unter welchen Bedingungen bestehende Maschinen und Komponenten wirtschaftlich und technisch sinnvoll in neue Produktionsanlagen integriert werden k\u00f6nnen. Die entwickelte Methodik wird an einem Demonstrator des Projektpartners Grob-Werke validiert. Durch die Bereitstellung dieser Modelle \u00fcber den TwinStore entsteht ein skalierbares \u00d6kosystem, das die digitale Wiederverwendung von Bestandsmaschinen industrieweit zug\u00e4nglich macht und einen direkten Beitrag zur Umsetzung der Ziele der industriellen Kreislaufwirtschaft leistet.<\/p>\n<p>[\/vc_column_text][vc_row_inner][vc_column_inner][vc_separator css=&#8220;&#8220;][\/vc_column_inner][\/vc_row_inner][vc_row_inner][vc_column_inner width=&#8220;1\/3&#8243;][vc_single_image image=&#8220;468&#8243; img_size=&#8220;large&#8220; add_caption=&#8220;yes&#8220; alignment=&#8220;center&#8220; css_animation=&#8220;bounceInLeft&#8220; css=&#8220;&#8220; title=&#8220;GROB G920 Bearbeitungszentrum in ISG-virtuos&#8220;][\/vc_column_inner][vc_column_inner width=&#8220;1\/3&#8243;][vc_single_image image=&#8220;466&#8243; img_size=&#8220;large&#8220; alignment=&#8220;center&#8220; css_animation=&#8220;bounceInLeft&#8220; css=&#8220;&#8220; title=&#8220;Innenansicht GROB G920 Bearbeitungszentrum&#8220;][\/vc_column_inner][vc_column_inner width=&#8220;1\/3&#8243;][vc_single_image image=&#8220;467&#8243; img_size=&#8220;large&#8220; alignment=&#8220;center&#8220; css_animation=&#8220;bounceInLeft&#8220; css=&#8220;&#8220; title=&#8220;GROB G920 Bearbeitungszentrum&#8220;][\/vc_column_inner][\/vc_row_inner][vc_separator css=&#8220;&#8220;][\/vc_column][vc_column width=&#8220;1\/4&#8243;][\/vc_column][\/vc_row][vc_row][vc_column width=&#8220;1\/4&#8243;][\/vc_column][vc_column width=&#8220;1\/2&#8243;][vc_column_text css_animation=&#8220;fadeIn&#8220; css=&#8220;&#8220;]<\/p>\n<h1 style=\"text-align: center;\"><span style=\"box-shadow: 0 3px 0 0 #026843; padding-bottom: 4px;\" data-darkreader-inline-boxshadow=\"\"><br \/>\nFragen und Antworten<br \/>\n<\/span><\/h1>\n<p>[\/vc_column_text][vc_toggle title=&#8220;Was ist das Ziel von GreenRetroTwin?&#8220; css=&#8220;&#8220;]GreenRetroTwin hat das Ziel, Brownfield-Anlagen mithilfe digitaler Methoden einfacher wieder- und weiterzuverwenden. Daf\u00fcr werden aus vorhandenen, oft l\u00fcckenhaften und heterogenen Altdaten automatisiert Simulationsmodelle erzeugt, die die Grundlage f\u00fcr Digitale Zwillinge darstellen.[\/vc_toggle][vc_toggle title=&#8220;Wie tr\u00e4gt das Projekt zur Kreislaufwirtschaft bei?&#8220; css=&#8220;&#8220;]Indem Bestandsmaschinen digital erschlossen und in neue Produktionslinien integrierbar werden, verl\u00e4ngert sich ihre Nutzungsdauer erheblich. Das reduziert den Bedarf an neuen Maschinen, Einsparungen von rund 60% Energie und 80% Material gegen\u00fcber einer Neuherstellung sowie einer CO\u2082-Reduktion in vergleichbarer Gr\u00f6\u00dfenordnung sind m\u00f6glich.[\/vc_toggle][vc_toggle title=&#8220;Wie wird GreenRetroTwin gef\u00f6rdert?&#8220; css=&#8220;&#8220;]GreenRetroTwin wird im Rahmen des F\u00f6rderprogramms\u00a0\u201eEntwicklung digitaler Technologien&#8220; des Bundesministeriums f\u00fcr Forschung, Technologie und Raumfahrt (BMFTR) gef\u00f6rdert. Das Projekt ist Teil des Innovationswettbewerbs \u201eGreenTech \u2013 Digitale Technologien als Hebel f\u00fcr die Kreislaufwirtschaft&#8220;.[\/vc_toggle][vc_toggle title=&#8220;Welche Partner sind in GreenRetroTwin involviert?&#8220; css=&#8220;&#8220;]<\/p>\n<div class=\"wp-block-getwid-advanced-spacer\" style=\"height: 100px\" aria-hidden=\"true\">\n<p class=\"my-2 [&amp;+p]:mt-4 [&amp;_strong:has(+br)]:inline-block [&amp;_strong:has(+br)]:pb-2\">GreenRetroTwin besteht aus vier Partnern:<\/p>\n<ul>\n<li class=\"my-2 [&amp;+p]:mt-4 [&amp;_strong:has(+br)]:inline-block [&amp;_strong:has(+br)]:pb-2\">ISG Industrielle Steuerungstechnik GmbH: Verantwortet die Simulationsplattform ISG-virtuos und den cloudbasierten TwinStore<\/li>\n<li>ISW, Universit\u00e4t Stuttgart: Entwickelt Methoden zur Informationsmodellierung, Datenintegration und Modelladaption<\/li>\n<li class=\"my-2 [&amp;+p]:mt-4 [&amp;_strong:has(+br)]:inline-block [&amp;_strong:has(+br)]:pb-2\">GROB-WERKE GmbH &amp; Co. KG: bringt reale Maschinendaten und Anwendungsexpertise aus dem Maschinen- und Anlagenbau ein<\/li>\n<li class=\"my-2 [&amp;+p]:mt-4 [&amp;_strong:has(+br)]:inline-block [&amp;_strong:has(+br)]:pb-2\">IPI, Hochschule Kempten: verantwortet semantische Datenharmonisierung und KI-basierte Verfahren<\/li>\n<\/ul>\n<\/div>\n<p>&nbsp;[\/vc_toggle][vc_toggle title=&#8220;Welche Standards werden genutzt?&#8220; css=&#8220;&#8220;]Das Projekt baut auf drei zentralen Industriestandards auf: der Asset Administration Shell (AAS)\u00a0zur standardisierten Maschinenrepr\u00e4sentation, dem\u00a0Digitalen Produktpass (DPP)\u00a0als Lebenszyklus-Datenhaltung und\u00a0OPC UA als Kommunikationsprotokoll.[\/vc_toggle][vc_toggle title=&#8220;Was ist der TwinStore?&#8220; css=&#8220;&#8220;]Der TwinStore ist eine cloudbasierte Austausch- und Bibliotheksplattform der ISG, auf der Simulationsmodelle von Maschinen hinterlegt, versioniert und geteilt werden k\u00f6nnen. Im Projekt wird er erweitert, damit Bestandsmaschinen direkt f\u00fcr neue Anlagenplanungen abrufbar sind.[\/vc_toggle][\/vc_column][vc_column width=&#8220;1\/4&#8243;][\/vc_column][\/vc_row]<\/p>\n<\/div>","protected":false},"excerpt":{"rendered":"<p>[vc_row][vc_column width=&#8220;1\/4&#8243;][\/vc_column][vc_column width=&#8220;1\/2&#8243;][vc_column_text css_animation=&#8220;fadeIn&#8220; css=&#8220;&#8220;] GreenRetroTwin Digitalisierung von Bestandsmaschinen in RetroFit- Anlagen zur F\u00f6rderung der industriellen Kreislaufwirtschaft In Deutschland sind rund 80 Prozent der industriellen Produktionsanlagen sogenannte Brownfield-Anlagen, bei denen die Konstruktions- und Betriebsdaten unvollst\u00e4ndig, heterogen oder in propriet\u00e4ren Formaten vorliegen. Eine Integration dieser Anlagen in moderne, digital vernetzte Produktionsumgebungen ist damit mit erheblichem Aufwand [&hellip;]<\/p>\n","protected":false},"author":210,"featured_media":0,"parent":0,"menu_order":0,"comment_status":"closed","ping_status":"closed","template":"","meta":{"kk_blocks_editor_width":"","_kiokenblocks_attr":"","_kiokenblocks_dimensions":"","footnotes":""},"class_list":["post-412","page","type-page","status-publish","hentry","entry"],"yoast_head":"<!-- This site is optimized with the Yoast SEO plugin v24.5 - https:\/\/yoast.com\/wordpress\/plugins\/seo\/ -->\n<title>Vision - GreenRetroTwin<\/title>\n<meta name=\"robots\" content=\"index, follow, max-snippet:-1, max-image-preview:large, max-video-preview:-1\" \/>\n<link rel=\"canonical\" href=\"https:\/\/www.isw-sites.de\/greenretrotwin\/vision\/\" \/>\n<meta property=\"og:locale\" content=\"de_DE\" \/>\n<meta property=\"og:type\" content=\"article\" \/>\n<meta property=\"og:title\" content=\"Vision - GreenRetroTwin\" \/>\n<meta property=\"og:description\" content=\"[vc_row][vc_column width=&#8220;1\/4&#8243;][\/vc_column][vc_column width=&#8220;1\/2&#8243;][vc_column_text css_animation=&#8220;fadeIn&#8220; css=&#8220;&#8220;] GreenRetroTwin Digitalisierung von Bestandsmaschinen in RetroFit- Anlagen zur F\u00f6rderung der industriellen Kreislaufwirtschaft In Deutschland sind rund 80 Prozent der industriellen Produktionsanlagen sogenannte Brownfield-Anlagen, bei denen die Konstruktions- und Betriebsdaten unvollst\u00e4ndig, heterogen oder in propriet\u00e4ren Formaten vorliegen. Eine Integration dieser Anlagen in moderne, digital vernetzte Produktionsumgebungen ist damit mit erheblichem Aufwand [&hellip;]\" \/>\n<meta property=\"og:url\" content=\"https:\/\/www.isw-sites.de\/greenretrotwin\/vision\/\" \/>\n<meta property=\"og:site_name\" content=\"GreenRetroTwin\" \/>\n<meta property=\"article:modified_time\" content=\"2026-04-15T11:33:47+00:00\" \/>\n<meta name=\"twitter:card\" content=\"summary_large_image\" \/>\n<meta name=\"twitter:label1\" content=\"Gesch\u00e4tzte Lesezeit\" \/>\n\t<meta name=\"twitter:data1\" content=\"6\u00a0Minuten\" \/>\n<script type=\"application\/ld+json\" class=\"yoast-schema-graph\">{\"@context\":\"https:\/\/schema.org\",\"@graph\":[{\"@type\":\"WebPage\",\"@id\":\"https:\/\/www.isw-sites.de\/greenretrotwin\/vision\/\",\"url\":\"https:\/\/www.isw-sites.de\/greenretrotwin\/vision\/\",\"name\":\"Vision - GreenRetroTwin\",\"isPartOf\":{\"@id\":\"https:\/\/www.greenretrotwin.de\/#website\"},\"datePublished\":\"2026-04-02T14:24:56+00:00\",\"dateModified\":\"2026-04-15T11:33:47+00:00\",\"breadcrumb\":{\"@id\":\"https:\/\/www.isw-sites.de\/greenretrotwin\/vision\/#breadcrumb\"},\"inLanguage\":\"de\",\"potentialAction\":[{\"@type\":\"ReadAction\",\"target\":[\"https:\/\/www.isw-sites.de\/greenretrotwin\/vision\/\"]}]},{\"@type\":\"BreadcrumbList\",\"@id\":\"https:\/\/www.isw-sites.de\/greenretrotwin\/vision\/#breadcrumb\",\"itemListElement\":[{\"@type\":\"ListItem\",\"position\":1,\"name\":\"Startseite\",\"item\":\"https:\/\/www.greenretrotwin.de\/\"},{\"@type\":\"ListItem\",\"position\":2,\"name\":\"Vision\"}]},{\"@type\":\"WebSite\",\"@id\":\"https:\/\/www.greenretrotwin.de\/#website\",\"url\":\"https:\/\/www.greenretrotwin.de\/\",\"name\":\"GreenRetroTwin\",\"description\":\"Digitalisierung von Bestandsmaschinen in RetroFit-Anlagen zur F\u00f6rderung der industriellen Kreislaufwirtschaft\",\"publisher\":{\"@id\":\"https:\/\/www.greenretrotwin.de\/#organization\"},\"potentialAction\":[{\"@type\":\"SearchAction\",\"target\":{\"@type\":\"EntryPoint\",\"urlTemplate\":\"https:\/\/www.greenretrotwin.de\/?s={search_term_string}\"},\"query-input\":{\"@type\":\"PropertyValueSpecification\",\"valueRequired\":true,\"valueName\":\"search_term_string\"}}],\"inLanguage\":\"de\"},{\"@type\":\"Organization\",\"@id\":\"https:\/\/www.greenretrotwin.de\/#organization\",\"name\":\"GreenRetroTwin\",\"url\":\"https:\/\/www.greenretrotwin.de\/\",\"logo\":{\"@type\":\"ImageObject\",\"inLanguage\":\"de\",\"@id\":\"https:\/\/www.greenretrotwin.de\/#\/schema\/logo\/image\/\",\"url\":\"https:\/\/www.isw-sites.de\/greenretrotwin\/wp-content\/uploads\/sites\/29\/2026\/03\/GreenRetroTwin-Logo-mit-Schriftzug.png\",\"contentUrl\":\"https:\/\/www.isw-sites.de\/greenretrotwin\/wp-content\/uploads\/sites\/29\/2026\/03\/GreenRetroTwin-Logo-mit-Schriftzug.png\",\"width\":3134,\"height\":618,\"caption\":\"GreenRetroTwin\"},\"image\":{\"@id\":\"https:\/\/www.greenretrotwin.de\/#\/schema\/logo\/image\/\"}}]}<\/script>\n<!-- \/ Yoast SEO plugin. -->","yoast_head_json":{"title":"Vision - GreenRetroTwin","robots":{"index":"index","follow":"follow","max-snippet":"max-snippet:-1","max-image-preview":"max-image-preview:large","max-video-preview":"max-video-preview:-1"},"canonical":"https:\/\/www.isw-sites.de\/greenretrotwin\/vision\/","og_locale":"de_DE","og_type":"article","og_title":"Vision - GreenRetroTwin","og_description":"[vc_row][vc_column width=&#8220;1\/4&#8243;][\/vc_column][vc_column width=&#8220;1\/2&#8243;][vc_column_text css_animation=&#8220;fadeIn&#8220; css=&#8220;&#8220;] GreenRetroTwin Digitalisierung von Bestandsmaschinen in RetroFit- Anlagen zur F\u00f6rderung der industriellen Kreislaufwirtschaft In Deutschland sind rund 80 Prozent der industriellen Produktionsanlagen sogenannte Brownfield-Anlagen, bei denen die Konstruktions- und Betriebsdaten unvollst\u00e4ndig, heterogen oder in propriet\u00e4ren Formaten vorliegen. Eine Integration dieser Anlagen in moderne, digital vernetzte Produktionsumgebungen ist damit mit erheblichem Aufwand [&hellip;]","og_url":"https:\/\/www.isw-sites.de\/greenretrotwin\/vision\/","og_site_name":"GreenRetroTwin","article_modified_time":"2026-04-15T11:33:47+00:00","twitter_card":"summary_large_image","twitter_misc":{"Gesch\u00e4tzte Lesezeit":"6\u00a0Minuten"},"schema":{"@context":"https:\/\/schema.org","@graph":[{"@type":"WebPage","@id":"https:\/\/www.isw-sites.de\/greenretrotwin\/vision\/","url":"https:\/\/www.isw-sites.de\/greenretrotwin\/vision\/","name":"Vision - GreenRetroTwin","isPartOf":{"@id":"https:\/\/www.greenretrotwin.de\/#website"},"datePublished":"2026-04-02T14:24:56+00:00","dateModified":"2026-04-15T11:33:47+00:00","breadcrumb":{"@id":"https:\/\/www.isw-sites.de\/greenretrotwin\/vision\/#breadcrumb"},"inLanguage":"de","potentialAction":[{"@type":"ReadAction","target":["https:\/\/www.isw-sites.de\/greenretrotwin\/vision\/"]}]},{"@type":"BreadcrumbList","@id":"https:\/\/www.isw-sites.de\/greenretrotwin\/vision\/#breadcrumb","itemListElement":[{"@type":"ListItem","position":1,"name":"Startseite","item":"https:\/\/www.greenretrotwin.de\/"},{"@type":"ListItem","position":2,"name":"Vision"}]},{"@type":"WebSite","@id":"https:\/\/www.greenretrotwin.de\/#website","url":"https:\/\/www.greenretrotwin.de\/","name":"GreenRetroTwin","description":"Digitalisierung von Bestandsmaschinen in RetroFit-Anlagen zur F\u00f6rderung der industriellen Kreislaufwirtschaft","publisher":{"@id":"https:\/\/www.greenretrotwin.de\/#organization"},"potentialAction":[{"@type":"SearchAction","target":{"@type":"EntryPoint","urlTemplate":"https:\/\/www.greenretrotwin.de\/?s={search_term_string}"},"query-input":{"@type":"PropertyValueSpecification","valueRequired":true,"valueName":"search_term_string"}}],"inLanguage":"de"},{"@type":"Organization","@id":"https:\/\/www.greenretrotwin.de\/#organization","name":"GreenRetroTwin","url":"https:\/\/www.greenretrotwin.de\/","logo":{"@type":"ImageObject","inLanguage":"de","@id":"https:\/\/www.greenretrotwin.de\/#\/schema\/logo\/image\/","url":"https:\/\/www.isw-sites.de\/greenretrotwin\/wp-content\/uploads\/sites\/29\/2026\/03\/GreenRetroTwin-Logo-mit-Schriftzug.png","contentUrl":"https:\/\/www.isw-sites.de\/greenretrotwin\/wp-content\/uploads\/sites\/29\/2026\/03\/GreenRetroTwin-Logo-mit-Schriftzug.png","width":3134,"height":618,"caption":"GreenRetroTwin"},"image":{"@id":"https:\/\/www.greenretrotwin.de\/#\/schema\/logo\/image\/"}}]}},"_links":{"self":[{"href":"https:\/\/www.isw-sites.de\/greenretrotwin\/wp-json\/wp\/v2\/pages\/412","targetHints":{"allow":["GET"]}}],"collection":[{"href":"https:\/\/www.isw-sites.de\/greenretrotwin\/wp-json\/wp\/v2\/pages"}],"about":[{"href":"https:\/\/www.isw-sites.de\/greenretrotwin\/wp-json\/wp\/v2\/types\/page"}],"author":[{"embeddable":true,"href":"https:\/\/www.isw-sites.de\/greenretrotwin\/wp-json\/wp\/v2\/users\/210"}],"replies":[{"embeddable":true,"href":"https:\/\/www.isw-sites.de\/greenretrotwin\/wp-json\/wp\/v2\/comments?post=412"}],"version-history":[{"count":30,"href":"https:\/\/www.isw-sites.de\/greenretrotwin\/wp-json\/wp\/v2\/pages\/412\/revisions"}],"predecessor-version":[{"id":546,"href":"https:\/\/www.isw-sites.de\/greenretrotwin\/wp-json\/wp\/v2\/pages\/412\/revisions\/546"}],"wp:attachment":[{"href":"https:\/\/www.isw-sites.de\/greenretrotwin\/wp-json\/wp\/v2\/media?parent=412"}],"curies":[{"name":"wp","href":"https:\/\/api.w.org\/{rel}","templated":true}]}}