{"id":6,"date":"2021-11-08T16:47:32","date_gmt":"2021-11-08T15:47:32","guid":{"rendered":"https:\/\/www.isw-sites.de\/sdm4fzi2\/?page_id=6"},"modified":"2023-07-26T08:52:09","modified_gmt":"2023-07-26T06:52:09","slug":"home-de","status":"publish","type":"page","link":"https:\/\/www.isw-sites.de\/sdm4fzi2\/","title":{"rendered":"Home"},"content":{"rendered":"\n<div class=\"wp-block-kioken-wrapper kt-wrapper__643eca-a2 mobile-header-container has-animator mb-0 mt-0\" data-object-id=\"_643eca-a2\" data-anim-from=\"vertical\" data-anim-duration=\"0.8\" data-anim-distance=\"-100\" data-anim-delay=\"150\" data-anim-scale-x=\"1\" data-anim-scale-y=\"1\" data-anim-easing=\"easeInOut\" data-anim-effect=\"Cubic\"><div class=\"kt-inner\"><div class=\"kinetic has-no-padding has-no-margin\">\n<div class=\"mobile-header-title\"><img loading=\"lazy\" decoding=\"async\" class=\"title-logo\" src=\"https:\/\/www.isw-sites.de\/sdm4fzi2\/wp-content\/uploads\/sites\/18\/2023\/07\/SDM_Logo_Final_V2.png\" width=\"75\" height=\"75\"><div class=\"title-text\">SDM4FZI<\/div><\/div>\n<\/div><\/div><\/div>\n\n\n\n<div class=\"wp-block-kioken-wrapper kt-wrapper__818bc8-3f header-background-mobile-wrapper\" data-object-id=\"_818bc8-3f\"><div class=\"kt-inner\"><div class=\"kinetic has-no-padding has-no-margin\">\n<div class=\"wp-block-getwid-advanced-spacer header-background-mobile\" style=\"height:100px\" aria-hidden=\"true\"><\/div>\n<div class=\"kt-absolute-bg js-parallax has-background-image bg-no-repeat bg-center-center bg-cover bg-bustout-none\" style=\"background-image:url(https:\/\/www.isw-sites.de\/sdm4fzi2\/wp-content\/uploads\/sites\/18\/2021\/11\/bosch-pres-02102021-Copy_Page_07_bearbeitet_xds_crop.jpg)\"><\/div><\/div><\/div><\/div>\n\n\n\n<div class=\"wp-block-kioken-wrapper kt-wrapper__868b07-25 desktop-header-container has-animator mb-0\" data-object-id=\"_868b07-25\" data-anim-from=\"horizontal\" data-anim-duration=\"0.8\" data-anim-distance=\"-300\" data-anim-delay=\"150\" data-anim-scale-x=\"1\" data-anim-scale-y=\"1\" data-anim-easing=\"easeInOut\" data-anim-effect=\"Cubic\"><div class=\"kt-inner\"><div class=\"kinetic has-no-padding has-no-margin\">\n<div class=\"desktop-header-title\"><div class=\"title-text\">SDM4FZI<\/div><img loading=\"lazy\" decoding=\"async\" class=\"title-logo\" src=\"https:\/\/www.isw-sites.de\/sdm4fzi2\/wp-content\/uploads\/sites\/18\/2023\/07\/SDM_Logo_Final_V2.png\" width=\"125\" height=\"125\"><\/div>\n<\/div><\/div><\/div>\n\n\n\n<div class=\"wp-block-kioken-wrapper kt-wrapper__3e5b2b-92 header-background-wrapper\" data-object-id=\"_3e5b2b-92\"><div class=\"kt-inner\"><div class=\"kinetic has-no-padding has-no-margin\">\n<div class=\"wp-block-getwid-advanced-spacer header-background\" style=\"height:100px\" aria-hidden=\"true\"><\/div>\n<div class=\"kt-absolute-bg js-parallax has-background-image bg-no-repeat bg-center-center bg-cover bg-bustout-none\" style=\"background-image:url(https:\/\/www.isw-sites.de\/sdm4fzi2\/wp-content\/uploads\/sites\/18\/2021\/11\/bosch-pres-02102021-Copy_Page_07.png)\"><\/div><\/div><\/div><\/div>\n\n\n\n<div class=\"wp-block-getwid-section custom-content-container alignfull alignfull\"><div class=\"wp-block-getwid-section__wrapper\"><div class=\"wp-block-getwid-section__inner-wrapper\"><div class=\"wp-block-getwid-section__background-holder\"><div class=\"wp-block-getwid-section__background\"><\/div><div class=\"wp-block-getwid-section__foreground\"><\/div><\/div><div class=\"wp-block-getwid-section__content\"><div class=\"wp-block-getwid-section__inner-content\">\n<div class=\"wp-block-getwid-advanced-spacer\" style=\"height:20px\" aria-hidden=\"true\"><\/div>\n\n\n\n<div class=\"wp-block-getwid-advanced-heading has-custom-font-size\" style=\"font-size:4em\"><h1 class=\"wp-block-getwid-advanced-heading__content\" style=\"text-align:center;font-family:&quot;Montserrat&quot;;font-weight:normal\">Software-defined Manufacturing<\/h1><\/div>\n\n\n\n<div class=\"wp-block-getwid-advanced-heading\"><h2 class=\"wp-block-getwid-advanced-heading__content\" style=\"text-align:center;font-weight:300\">f\u00fcr die Fahrzeug- und Zulieferindustrie<\/h2><\/div>\n\n\n\n<div class=\"wp-block-kioken-spacer is-style-custom\" style=\"color:#999999;height:50px\"><div class=\"spacer-inner-wrap kt_d_flex kt_flex_aligncenter kt_flex_justifycenter\"><span class=\"spacer-line\" style=\"color:#999999;max-width:50%;border-bottom-style:solid;border-bottom-width:2px\"><\/span><\/div><hr\/><\/div>\n\n\n\n<div class=\"wp-block-kioken-rowlayout alignnone bust-out-none\"><div id=\"kt-layout-id_538467-94\" class=\"kio-row-layout-inner  kt-layout-id_538467-94\"><div class=\"kt-row-column-wrap kt-has-2-columns kt-gutter-default kt-row-valign-top kio-row-layout-equal kt-tab-layout-inherit kt-m-colapse-left-to-right kt-mobile-layout-row\">\n<div class=\"wp-block-kioken-column inner-column-1 kioken-column_ba7d2e-41\"><div class=\"kt-inside-inner-col\" style=\"background-blend-mode:normal\"><div>\n<div class=\"wp-block-kioken-wrapper kt-wrapper__0885b7-3c has-animator\" data-object-id=\"_0885b7-3c\" data-anim-from=\"horizontal\" data-anim-duration=\"1\" data-anim-distance=\"-100\" data-anim-delay=\"100\" data-anim-scale-x=\"1\" data-anim-scale-y=\"1\" data-anim-easing=\"easeInOut\" data-anim-effect=\"Cubic\"><div class=\"kt-inner\"><div class=\"kinetic has-no-padding has-no-margin\">\n<div class=\"wp-block-kioken-icon kt-svg-icons kt-svg-icons_83312a-b6 aligncenter custom-topmargin custom-bottommargin\" style=\"text-align:center;margin-top:10px;margin-bottom:10px\"><div class=\"kt-svg-style-default kt-svg-icon-wrap kt-svg-item-0\"><div style=\"display:inline-flex;justify-content:center;align-items:center;color:#444444\" class=\"kt-svg-icon kt-svg-icon-fe_shuffle\"><svg viewbox=\"0 0 24 24\" height=\"64\" width=\"64\" fill=\"none\" stroke=\"currentColor\" stroke-width=\"2\" stroke-linecap=\"round\" stroke-linejoin=\"round\" xmlns=\"http:\/\/www.w3.org\/2000\/svg\" style=\"fill:none;display:inline-block;vertical-align:middle\" role=\"img\" aria-hidden=\"true\"><polyline points=\"16 3 21 3 21 8\"><\/polyline><line x1=\"4\" y1=\"20\" x2=\"21\" y2=\"3\"><\/line><polyline points=\"21 16 21 21 16 21\"><\/polyline><line x1=\"15\" y1=\"15\" x2=\"21\" y2=\"21\"><\/line><line x1=\"4\" y1=\"4\" x2=\"9\" y2=\"9\"><\/line><\/svg><\/div><\/div><\/div>\n\n\n\n<div class=\"wp-block-getwid-advanced-heading has-custom-font-size\" style=\"font-size:1.5em\"><h3 class=\"wp-block-getwid-advanced-heading__content\" style=\"text-align:center\">wandlungsf\u00e4hig<\/h3><\/div>\n\n\n\n<p class=\"has-text-align-center\">Hochwandlungsf\u00e4hige Produktionssysteme bei gleichzeitiger Beherrschung der Komplexit\u00e4t durch Virtualisierung<\/p>\n<\/div><\/div><\/div>\n<\/div><\/div><\/div>\n\n\n\n<div class=\"wp-block-kioken-column inner-column-2 kioken-column_ad9305-c4\"><div class=\"kt-inside-inner-col\" style=\"background-blend-mode:normal\"><div>\n<div class=\"wp-block-kioken-wrapper kt-wrapper__3de7fd-79 has-animator\" data-object-id=\"_3de7fd-79\" data-anim-from=\"horizontal\" data-anim-duration=\"1\" data-anim-distance=\"-300\" data-anim-delay=\"300\" data-anim-scale-x=\"1\" data-anim-scale-y=\"1\" data-anim-easing=\"easeInOut\" data-anim-effect=\"Cubic\"><div class=\"kt-inner\"><div class=\"kinetic has-no-padding has-no-margin\">\n<div class=\"wp-block-kioken-icon kt-svg-icons kt-svg-icons_727ea3-88 aligncenter custom-topmargin custom-bottommargin\" style=\"text-align:center;margin-top:10px;margin-bottom:10px\"><div class=\"kt-svg-style-default kt-svg-icon-wrap kt-svg-item-0\"><div style=\"display:inline-flex;justify-content:center;align-items:center;color:#444444\" class=\"kt-svg-icon kt-svg-icon-fe_move\"><svg viewbox=\"0 0 24 24\" height=\"64\" width=\"64\" fill=\"none\" stroke=\"currentColor\" stroke-width=\"2\" stroke-linecap=\"round\" stroke-linejoin=\"round\" xmlns=\"http:\/\/www.w3.org\/2000\/svg\" style=\"fill:none;display:inline-block;vertical-align:middle\" role=\"img\" aria-hidden=\"true\"><polyline points=\"5 9 2 12 5 15\"><\/polyline><polyline points=\"9 5 12 2 15 5\"><\/polyline><polyline points=\"15 19 12 22 9 19\"><\/polyline><polyline points=\"19 9 22 12 19 15\"><\/polyline><line x1=\"2\" y1=\"12\" x2=\"22\" y2=\"12\"><\/line><line x1=\"12\" y1=\"2\" x2=\"12\" y2=\"22\"><\/line><\/svg><\/div><\/div><\/div>\n\n\n\n<div class=\"wp-block-getwid-advanced-heading has-custom-font-size\" style=\"font-size:1.5em\"><h3 class=\"wp-block-getwid-advanced-heading__content\" style=\"text-align:center\">durchg\u00e4ngig<\/h3><\/div>\n\n\n\n<p class=\"has-text-align-center\">Durchg\u00e4ngigkeit der Datenkette von der Planung bis in den Betrieb (Lebenszyklus) und vom Sensor bis in die Cloud (Hierarchie-Stufen)<\/p>\n<\/div><\/div><\/div>\n<\/div><\/div><\/div>\n\n\n\n<div class=\"wp-block-kioken-column inner-column-3 kioken-column_f0c92f-61\"><div class=\"kt-inside-inner-col\" style=\"background-blend-mode:normal\"><div>\n<div class=\"wp-block-kioken-wrapper kt-wrapper__27bb05-10 has-animator\" data-object-id=\"_27bb05-10\" data-anim-from=\"horizontal\" data-anim-duration=\"1\" data-anim-distance=\"-500\" data-anim-delay=\"500\" data-anim-scale-x=\"1\" data-anim-scale-y=\"1\" data-anim-easing=\"easeInOut\" data-anim-effect=\"Cubic\"><div class=\"kt-inner\"><div class=\"kinetic has-no-padding has-no-margin\">\n<div class=\"wp-block-kioken-icon kt-svg-icons kt-svg-icons_db65e6-0c aligncenter custom-topmargin custom-bottommargin\" style=\"text-align:center;margin-top:10px;margin-bottom:10px\"><div class=\"kt-svg-style-default kt-svg-icon-wrap kt-svg-item-0\"><div style=\"display:inline-flex;justify-content:center;align-items:center;color:#444444\" class=\"kt-svg-icon kt-svg-icon-fe_settings\"><svg viewbox=\"0 0 24 24\" height=\"64\" width=\"64\" fill=\"none\" stroke=\"currentColor\" stroke-width=\"2\" stroke-linecap=\"round\" stroke-linejoin=\"round\" xmlns=\"http:\/\/www.w3.org\/2000\/svg\" style=\"fill:none;display:inline-block;vertical-align:middle\" role=\"img\" aria-hidden=\"true\"><circle cx=\"12\" cy=\"12\" r=\"3\"><\/circle><path d=\"M19.4 15a1.65 1.65 0 0 0 .33 1.82l.06.06a2 2 0 0 1 0 2.83 2 2 0 0 1-2.83 0l-.06-.06a1.65 1.65 0 0 0-1.82-.33 1.65 1.65 0 0 0-1 1.51V21a2 2 0 0 1-2 2 2 2 0 0 1-2-2v-.09A1.65 1.65 0 0 0 9 19.4a1.65 1.65 0 0 0-1.82.33l-.06.06a2 2 0 0 1-2.83 0 2 2 0 0 1 0-2.83l.06-.06a1.65 1.65 0 0 0 .33-1.82 1.65 1.65 0 0 0-1.51-1H3a2 2 0 0 1-2-2 2 2 0 0 1 2-2h.09A1.65 1.65 0 0 0 4.6 9a1.65 1.65 0 0 0-.33-1.82l-.06-.06a2 2 0 0 1 0-2.83 2 2 0 0 1 2.83 0l.06.06a1.65 1.65 0 0 0 1.82.33H9a1.65 1.65 0 0 0 1-1.51V3a2 2 0 0 1 2-2 2 2 0 0 1 2 2v.09a1.65 1.65 0 0 0 1 1.51 1.65 1.65 0 0 0 1.82-.33l.06-.06a2 2 0 0 1 2.83 0 2 2 0 0 1 0 2.83l-.06.06a1.65 1.65 0 0 0-.33 1.82V9a1.65 1.65 0 0 0 1.51 1H21a2 2 0 0 1 2 2 2 2 0 0 1-2 2h-.09a1.65 1.65 0 0 0-1.51 1z\"><\/path><\/svg><\/div><\/div><\/div>\n\n\n\n<div class=\"wp-block-getwid-advanced-heading has-custom-font-size\" style=\"font-size:1.5em\"><h3 class=\"wp-block-getwid-advanced-heading__content\" style=\"text-align:center\">automatisiert<\/h3><\/div>\n\n\n\n<p class=\"has-text-align-center\">Vollautomatisierter Softwareentwicklungsprozess von der Anforderungsanalyse \u00fcber den Test bis hin zur Verteilung und Ausf\u00fchrung in der Digitalen Fabrik<\/p>\n<\/div><\/div><\/div>\n<\/div><\/div><\/div>\n\n\n\n<div class=\"wp-block-kioken-column inner-column-4 kioken-column_a6e035-1f\"><div class=\"kt-inside-inner-col\" style=\"background-blend-mode:normal\"><div>\n<div class=\"wp-block-kioken-wrapper kt-wrapper__bd8e06-70 has-animator\" data-object-id=\"_bd8e06-70\" data-anim-from=\"horizontal\" data-anim-duration=\"1\" data-anim-distance=\"-700\" data-anim-delay=\"700\" data-anim-scale-x=\"1\" data-anim-scale-y=\"1\" data-anim-easing=\"easeInOut\" data-anim-effect=\"Cubic\"><div class=\"kt-inner\"><div class=\"kinetic has-no-padding has-no-margin\">\n<div class=\"wp-block-kioken-icon kt-svg-icons kt-svg-icons_2b56fe-9a aligncenter custom-topmargin custom-bottommargin\" style=\"text-align:center;margin-top:10px;margin-bottom:10px\"><div class=\"kt-svg-style-default kt-svg-icon-wrap kt-svg-item-0\"><div style=\"display:inline-flex;justify-content:center;align-items:center;color:#444444\" class=\"kt-svg-icon kt-svg-icon-fe_trendingUp\"><svg viewbox=\"0 0 24 24\" height=\"64\" width=\"64\" fill=\"none\" stroke=\"currentColor\" stroke-width=\"2\" stroke-linecap=\"round\" stroke-linejoin=\"round\" xmlns=\"http:\/\/www.w3.org\/2000\/svg\" style=\"fill:none;display:inline-block;vertical-align:middle\" role=\"img\" aria-hidden=\"true\"><polyline points=\"23 6 13.5 15.5 8.5 10.5 1 18\"><\/polyline><polyline points=\"17 6 23 6 23 12\"><\/polyline><\/svg><\/div><\/div><\/div>\n\n\n\n<div class=\"wp-block-getwid-advanced-heading has-custom-font-size\" style=\"font-size:1.5em\"><h3 class=\"wp-block-getwid-advanced-heading__content\" style=\"text-align:center\">optimiert<\/h3><\/div>\n\n\n\n<p class=\"has-text-align-center\">Gefahrlose Optimierung von Applikationen in der virtuellen Fabrik vor dem Einsatz in der realen Welt<\/p>\n<\/div><\/div><\/div>\n<\/div><\/div><\/div>\n<\/div><\/div><\/div>\n\n\n\n<div class=\"wp-block-getwid-advanced-spacer\" style=\"height:50px\" aria-hidden=\"true\"><\/div>\n\n\n\n<div class=\"wp-block-kioken-advancedbtn kt-btn-align-center kt-btns-wrap kt-btns_bfa07a-d4\"><div class=\"kt-btn-wrap kt-btn-wrap-0 \"><a class=\"kt-button kt-btn-0-action   kt-btn-svg-show-always kt-btn-has-text-true kt-btn-has-svg-false\" href=\"https:\/\/www.isw-sites.de\/sdm4fzi2\/vision\/\" style=\"font-size:24px;border-radius:3px;border-width:2px;padding-left:40px;padding-right:40px\"><span class=\"kt-btn-inner-text\">Mehr erfahren<\/span><\/a><\/div><\/div>\n\n\n\n<div class=\"wp-block-getwid-advanced-spacer\" style=\"height:50px\" aria-hidden=\"true\"><\/div>\n\n\n\n<div class=\"wp-block-kioken-spacer is-style-line\" style=\"color:#999999;height:50px\"><hr\/><\/div>\n\n\n\n<div class=\"wp-block-kioken-icon kt-svg-icons kt-svg-icons_0b30c6-46 aligncenter\" style=\"text-align:center\"><div class=\"kt-svg-style-default kt-svg-icon-wrap kt-svg-item-0\"><a href=\"https:\/\/www.linkedin.com\/company\/sdm4fzi\" class=\"kt-svg-icon-link\" target=\"_blank\" rel=\"noreferrer noopener\"><div style=\"display:inline-flex;justify-content:center;align-items:center;color:#444444\" class=\"kt-svg-icon kt-svg-icon-fa_linkedin-in\"><svg viewbox=\"0 0 448 512\" height=\"32\" width=\"32\" fill=\"currentColor\" xmlns=\"http:\/\/www.w3.org\/2000\/svg\" style=\"fill:currentColor;display:inline-block;vertical-align:middle\" role=\"img\" aria-hidden=\"true\"><path d=\"M100.3 480H7.4V180.9h92.9V480zM53.8 140.1C24.1 140.1 0 115.5 0 85.8 0 56.1 24.1 32 53.8 32c29.7 0 53.8 24.1 53.8 53.8 0 29.7-24.1 54.3-53.8 54.3zM448 480h-92.7V334.4c0-34.7-.7-79.2-48.3-79.2-48.3 0-55.7 37.7-55.7 76.7V480h-92.8V180.9h89.1v40.8h1.3c12.4-23.5 42.7-48.3 87.9-48.3 94 0 111.3 61.9 111.3 142.3V480z\"><\/path><\/svg><\/div><\/a><\/div><\/div>\n\n\n\n<div class=\"wp-block-getwid-advanced-spacer\" style=\"height:50px\" aria-hidden=\"true\"><\/div>\n<\/div><\/div><\/div><\/div><\/div>\n\n\n\n<p><\/p>\n","protected":false},"excerpt":{"rendered":"SDM4FZI SDM4FZI Software-defined Manufacturing f\u00fcr die Fahrzeug- und Zulieferindustrie wandlungsf\u00e4hig Hochwandlungsf\u00e4hige Produktionssysteme bei gleichzeitiger Beherrschung der Komplexit\u00e4t durch Virtualisierung durchg\u00e4ngig Durchg\u00e4ngigkeit der Datenkette von der Planung bis in den Betrieb (Lebenszyklus) und vom Sensor bis in die Cloud (Hierarchie-Stufen) automatisiert Vollautomatisierter Softwareentwicklungsprozess von der Anforderungsanalyse \u00fcber den Test bis hin zur Verteilung und Ausf\u00fchrung in [...]","protected":false},"author":26,"featured_media":0,"parent":0,"menu_order":0,"comment_status":"closed","ping_status":"closed","template":"","meta":{"kk_blocks_editor_width":"","_kiokenblocks_attr":"","_kiokenblocks_dimensions":"","footnotes":""},"class_list":["post-6","page","type-page","status-publish","hentry","entry"],"yoast_head":"<!-- This site is optimized with the Yoast SEO plugin v24.5 - https:\/\/yoast.com\/wordpress\/plugins\/seo\/ -->\n<title>Home - Software-defined Manufacturing<\/title>\n<meta name=\"robots\" content=\"index, follow, max-snippet:-1, max-image-preview:large, max-video-preview:-1\" \/>\n<link rel=\"canonical\" href=\"https:\/\/www.isw-sites.de\/sdm4fzi2\/\" \/>\n<meta property=\"og:locale\" content=\"de_DE\" \/>\n<meta property=\"og:type\" content=\"article\" \/>\n<meta property=\"og:title\" content=\"Home - Software-defined Manufacturing\" \/>\n<meta property=\"og:url\" content=\"https:\/\/www.isw-sites.de\/sdm4fzi2\/\" \/>\n<meta property=\"og:site_name\" content=\"Software-defined Manufacturing\" \/>\n<meta property=\"article:modified_time\" content=\"2023-07-26T06:52:09+00:00\" \/>\n<meta property=\"og:image\" content=\"https:\/\/www.isw-sites.de\/sdm4fzi2\/wp-content\/uploads\/sites\/18\/2023\/07\/SDM_Logo_Final_V2.png\" \/>\n<meta name=\"twitter:card\" content=\"summary_large_image\" \/>\n<meta name=\"twitter:label1\" content=\"Gesch\u00e4tzte Lesezeit\" \/>\n\t<meta name=\"twitter:data1\" content=\"1\u00a0Minute\" \/>\n<script type=\"application\/ld+json\" class=\"yoast-schema-graph\">{\"@context\":\"https:\/\/schema.org\",\"@graph\":[{\"@type\":\"WebPage\",\"@id\":\"https:\/\/www.isw-sites.de\/sdm4fzi2\/\",\"url\":\"https:\/\/www.isw-sites.de\/sdm4fzi2\/\",\"name\":\"Home - Software-defined Manufacturing\",\"isPartOf\":{\"@id\":\"https:\/\/www.isw-sites.de\/sdm4fzi2\/#website\"},\"primaryImageOfPage\":{\"@id\":\"https:\/\/www.isw-sites.de\/sdm4fzi2\/#primaryimage\"},\"image\":{\"@id\":\"https:\/\/www.isw-sites.de\/sdm4fzi2\/#primaryimage\"},\"thumbnailUrl\":\"https:\/\/www.isw-sites.de\/sdm4fzi2\/wp-content\/uploads\/sites\/18\/2023\/07\/SDM_Logo_Final_V2.png\",\"datePublished\":\"2021-11-08T15:47:32+00:00\",\"dateModified\":\"2023-07-26T06:52:09+00:00\",\"breadcrumb\":{\"@id\":\"https:\/\/www.isw-sites.de\/sdm4fzi2\/#breadcrumb\"},\"inLanguage\":\"de\",\"potentialAction\":[{\"@type\":\"ReadAction\",\"target\":[\"https:\/\/www.isw-sites.de\/sdm4fzi2\/\"]}]},{\"@type\":\"ImageObject\",\"inLanguage\":\"de\",\"@id\":\"https:\/\/www.isw-sites.de\/sdm4fzi2\/#primaryimage\",\"url\":\"https:\/\/www.isw-sites.de\/sdm4fzi2\/wp-content\/uploads\/sites\/18\/2023\/07\/SDM_Logo_Final_V2.png\",\"contentUrl\":\"https:\/\/www.isw-sites.de\/sdm4fzi2\/wp-content\/uploads\/sites\/18\/2023\/07\/SDM_Logo_Final_V2.png\",\"width\":650,\"height\":514},{\"@type\":\"BreadcrumbList\",\"@id\":\"https:\/\/www.isw-sites.de\/sdm4fzi2\/#breadcrumb\",\"itemListElement\":[{\"@type\":\"ListItem\",\"position\":1,\"name\":\"Startseite\",\"item\":\"https:\/\/www.isw-sites.de\/sdm4fzi2\/\"},{\"@type\":\"ListItem\",\"position\":2,\"name\":\"Home\"}]},{\"@type\":\"WebSite\",\"@id\":\"https:\/\/www.isw-sites.de\/sdm4fzi2\/#website\",\"url\":\"https:\/\/www.isw-sites.de\/sdm4fzi2\/\",\"name\":\"Software-defined Manufacturing\",\"description\":\"Eine weitere ISW Network Website\",\"publisher\":{\"@id\":\"https:\/\/www.isw-sites.de\/sdm4fzi2\/#organization\"},\"potentialAction\":[{\"@type\":\"SearchAction\",\"target\":{\"@type\":\"EntryPoint\",\"urlTemplate\":\"https:\/\/www.isw-sites.de\/sdm4fzi2\/?s={search_term_string}\"},\"query-input\":{\"@type\":\"PropertyValueSpecification\",\"valueRequired\":true,\"valueName\":\"search_term_string\"}}],\"inLanguage\":\"de\"},{\"@type\":\"Organization\",\"@id\":\"https:\/\/www.isw-sites.de\/sdm4fzi2\/#organization\",\"name\":\"Software-defined Manufacturing\",\"url\":\"https:\/\/www.isw-sites.de\/sdm4fzi2\/\",\"logo\":{\"@type\":\"ImageObject\",\"inLanguage\":\"de\",\"@id\":\"https:\/\/www.isw-sites.de\/sdm4fzi2\/#\/schema\/logo\/image\/\",\"url\":\"https:\/\/www.isw-sites.de\/sdm4fzi2\/wp-content\/uploads\/sites\/18\/2023\/07\/SDM_Logo_Final_Untertitel_V2_invertiert_200.png\",\"contentUrl\":\"https:\/\/www.isw-sites.de\/sdm4fzi2\/wp-content\/uploads\/sites\/18\/2023\/07\/SDM_Logo_Final_Untertitel_V2_invertiert_200.png\",\"width\":200,\"height\":40,\"caption\":\"Software-defined Manufacturing\"},\"image\":{\"@id\":\"https:\/\/www.isw-sites.de\/sdm4fzi2\/#\/schema\/logo\/image\/\"}}]}<\/script>\n<!-- \/ Yoast SEO plugin. -->","yoast_head_json":{"title":"Home - Software-defined Manufacturing","robots":{"index":"index","follow":"follow","max-snippet":"max-snippet:-1","max-image-preview":"max-image-preview:large","max-video-preview":"max-video-preview:-1"},"canonical":"https:\/\/www.isw-sites.de\/sdm4fzi2\/","og_locale":"de_DE","og_type":"article","og_title":"Home - Software-defined Manufacturing","og_url":"https:\/\/www.isw-sites.de\/sdm4fzi2\/","og_site_name":"Software-defined Manufacturing","article_modified_time":"2023-07-26T06:52:09+00:00","og_image":[{"url":"https:\/\/www.isw-sites.de\/sdm4fzi2\/wp-content\/uploads\/sites\/18\/2023\/07\/SDM_Logo_Final_V2.png","type":"","width":"","height":""}],"twitter_card":"summary_large_image","twitter_misc":{"Gesch\u00e4tzte Lesezeit":"1\u00a0Minute"},"schema":{"@context":"https:\/\/schema.org","@graph":[{"@type":"WebPage","@id":"https:\/\/www.isw-sites.de\/sdm4fzi2\/","url":"https:\/\/www.isw-sites.de\/sdm4fzi2\/","name":"Home - Software-defined Manufacturing","isPartOf":{"@id":"https:\/\/www.isw-sites.de\/sdm4fzi2\/#website"},"primaryImageOfPage":{"@id":"https:\/\/www.isw-sites.de\/sdm4fzi2\/#primaryimage"},"image":{"@id":"https:\/\/www.isw-sites.de\/sdm4fzi2\/#primaryimage"},"thumbnailUrl":"https:\/\/www.isw-sites.de\/sdm4fzi2\/wp-content\/uploads\/sites\/18\/2023\/07\/SDM_Logo_Final_V2.png","datePublished":"2021-11-08T15:47:32+00:00","dateModified":"2023-07-26T06:52:09+00:00","breadcrumb":{"@id":"https:\/\/www.isw-sites.de\/sdm4fzi2\/#breadcrumb"},"inLanguage":"de","potentialAction":[{"@type":"ReadAction","target":["https:\/\/www.isw-sites.de\/sdm4fzi2\/"]}]},{"@type":"ImageObject","inLanguage":"de","@id":"https:\/\/www.isw-sites.de\/sdm4fzi2\/#primaryimage","url":"https:\/\/www.isw-sites.de\/sdm4fzi2\/wp-content\/uploads\/sites\/18\/2023\/07\/SDM_Logo_Final_V2.png","contentUrl":"https:\/\/www.isw-sites.de\/sdm4fzi2\/wp-content\/uploads\/sites\/18\/2023\/07\/SDM_Logo_Final_V2.png","width":650,"height":514},{"@type":"BreadcrumbList","@id":"https:\/\/www.isw-sites.de\/sdm4fzi2\/#breadcrumb","itemListElement":[{"@type":"ListItem","position":1,"name":"Startseite","item":"https:\/\/www.isw-sites.de\/sdm4fzi2\/"},{"@type":"ListItem","position":2,"name":"Home"}]},{"@type":"WebSite","@id":"https:\/\/www.isw-sites.de\/sdm4fzi2\/#website","url":"https:\/\/www.isw-sites.de\/sdm4fzi2\/","name":"Software-defined Manufacturing","description":"Eine weitere ISW Network Website","publisher":{"@id":"https:\/\/www.isw-sites.de\/sdm4fzi2\/#organization"},"potentialAction":[{"@type":"SearchAction","target":{"@type":"EntryPoint","urlTemplate":"https:\/\/www.isw-sites.de\/sdm4fzi2\/?s={search_term_string}"},"query-input":{"@type":"PropertyValueSpecification","valueRequired":true,"valueName":"search_term_string"}}],"inLanguage":"de"},{"@type":"Organization","@id":"https:\/\/www.isw-sites.de\/sdm4fzi2\/#organization","name":"Software-defined Manufacturing","url":"https:\/\/www.isw-sites.de\/sdm4fzi2\/","logo":{"@type":"ImageObject","inLanguage":"de","@id":"https:\/\/www.isw-sites.de\/sdm4fzi2\/#\/schema\/logo\/image\/","url":"https:\/\/www.isw-sites.de\/sdm4fzi2\/wp-content\/uploads\/sites\/18\/2023\/07\/SDM_Logo_Final_Untertitel_V2_invertiert_200.png","contentUrl":"https:\/\/www.isw-sites.de\/sdm4fzi2\/wp-content\/uploads\/sites\/18\/2023\/07\/SDM_Logo_Final_Untertitel_V2_invertiert_200.png","width":200,"height":40,"caption":"Software-defined Manufacturing"},"image":{"@id":"https:\/\/www.isw-sites.de\/sdm4fzi2\/#\/schema\/logo\/image\/"}}]}},"_links":{"self":[{"href":"https:\/\/www.isw-sites.de\/sdm4fzi2\/wp-json\/wp\/v2\/pages\/6","targetHints":{"allow":["GET"]}}],"collection":[{"href":"https:\/\/www.isw-sites.de\/sdm4fzi2\/wp-json\/wp\/v2\/pages"}],"about":[{"href":"https:\/\/www.isw-sites.de\/sdm4fzi2\/wp-json\/wp\/v2\/types\/page"}],"author":[{"embeddable":true,"href":"https:\/\/www.isw-sites.de\/sdm4fzi2\/wp-json\/wp\/v2\/users\/26"}],"replies":[{"embeddable":true,"href":"https:\/\/www.isw-sites.de\/sdm4fzi2\/wp-json\/wp\/v2\/comments?post=6"}],"version-history":[{"count":13,"href":"https:\/\/www.isw-sites.de\/sdm4fzi2\/wp-json\/wp\/v2\/pages\/6\/revisions"}],"predecessor-version":[{"id":733,"href":"https:\/\/www.isw-sites.de\/sdm4fzi2\/wp-json\/wp\/v2\/pages\/6\/revisions\/733"}],"wp:attachment":[{"href":"https:\/\/www.isw-sites.de\/sdm4fzi2\/wp-json\/wp\/v2\/media?parent=6"}],"curies":[{"name":"wp","href":"https:\/\/api.w.org\/{rel}","templated":true}]}}